{"id":9196,"date":"2021-08-07T18:40:38","date_gmt":"2021-08-07T16:40:38","guid":{"rendered":"https:\/\/pa-formation-vip.fr\/?page_id=9196"},"modified":"2021-08-07T19:19:41","modified_gmt":"2021-08-07T17:19:41","slug":"dossier-opco-formation-professionnelle","status":"publish","type":"page","link":"https:\/\/pa-formation-vip.fr\/?page_id=9196","title":{"rendered":"Dossier OPCO : Formation Professionnelle"},"content":{"rendered":"\t\t<div data-elementor-type=\"wp-post\" data-elementor-id=\"9196\" class=\"elementor elementor-9196\">\n\t\t\t\t\t\t<section class=\"elementor-section elementor-top-section elementor-element elementor-element-3af6a5d elementor-section-boxed elementor-section-height-default elementor-section-height-default\" data-id=\"3af6a5d\" data-element_type=\"section\">\n\t\t\t\t\t\t<div class=\"elementor-container elementor-column-gap-default\">\n\t\t\t\t\t<div class=\"elementor-column elementor-col-100 elementor-top-column elementor-element elementor-element-9d5aa57\" data-id=\"9d5aa57\" data-element_type=\"column\">\n\t\t\t<div class=\"elementor-widget-wrap elementor-element-populated\">\n\t\t\t\t\t\t<div class=\"elementor-element elementor-element-fc1936f elementor-widget elementor-widget-heading\" data-id=\"fc1936f\" data-element_type=\"widget\" data-widget_type=\"heading.default\">\n\t\t\t\t<div class=\"elementor-widget-container\">\n\t\t\t\t\t<h2 class=\"elementor-heading-title elementor-size-default\">Soci\u00e9t\u00e9 - Profession Lib\u00e9rale - Artisan - Commer\u00e7ant - Intermittent - CPF<\/h2>\t\t\t\t<\/div>\n\t\t\t\t<\/div>\n\t\t\t\t<div class=\"elementor-element elementor-element-8e1201d elementor-widget elementor-widget-text-editor\" data-id=\"8e1201d\" data-element_type=\"widget\" data-widget_type=\"text-editor.default\">\n\t\t\t\t<div class=\"elementor-widget-container\">\n\t\t\t\t\t\t\t\t\t<p><span style=\"color: #000000;\"><span style=\"color: #0000ff;\">Jusqu&rsquo;\u00e0 100% de financement<\/span> gr\u00e2ce \u00e0 la formation professionnelle et notre r\u00e9f\u00e9rencement Datadock<\/span><\/p>\t\t\t\t\t\t\t\t<\/div>\n\t\t\t\t<\/div>\n\t\t\t\t<div class=\"elementor-element elementor-element-ce8b837 elementor-invisible elementor-widget elementor-widget-image\" data-id=\"ce8b837\" data-element_type=\"widget\" data-settings=\"{&quot;_animation&quot;:&quot;zoomIn&quot;}\" data-widget_type=\"image.default\">\n\t\t\t\t<div class=\"elementor-widget-container\">\n\t\t\t\t\t\t\t\t\t\t\t\t\t\t\t\t<a href=\"https:\/\/www.data-dock.fr\/?q=node\/155\" target=\"_blank\" rel=\"nofollow\">\n\t\t\t\t\t\t\t<img decoding=\"async\" width=\"300\" height=\"89\" src=\"https:\/\/pa-formation-vip.fr\/wp-content\/uploads\/2018\/11\/pa-formation-datadock-1-300x89.jpg\" class=\"attachment-medium size-medium wp-image-790\" alt=\"\" srcset=\"https:\/\/pa-formation-vip.fr\/wp-content\/uploads\/2018\/11\/pa-formation-datadock-1-300x89.jpg 300w, https:\/\/pa-formation-vip.fr\/wp-content\/uploads\/2018\/11\/pa-formation-datadock-1-600x178.jpg 600w, https:\/\/pa-formation-vip.fr\/wp-content\/uploads\/2018\/11\/pa-formation-datadock-1-768x228.jpg 768w, https:\/\/pa-formation-vip.fr\/wp-content\/uploads\/2018\/11\/pa-formation-datadock-1.jpg 791w\" sizes=\"(max-width: 300px) 100vw, 300px\" \/>\t\t\t\t\t\t\t\t<\/a>\n\t\t\t\t\t\t\t\t\t\t\t\t\t\t\t<\/div>\n\t\t\t\t<\/div>\n\t\t\t\t<div class=\"elementor-element elementor-element-df19cb3 elementor-align-center elementor-widget elementor-widget-button\" data-id=\"df19cb3\" data-element_type=\"widget\" data-widget_type=\"button.default\">\n\t\t\t\t<div class=\"elementor-widget-container\">\n\t\t\t\t\t\t\t\t\t<div class=\"elementor-button-wrapper\">\n\t\t\t\t\t<a class=\"elementor-button elementor-button-link elementor-size-xs\" href=\"https:\/\/travail-emploi.gouv.fr\/formation-professionnelle\/se-former\/\" target=\"_blank\">\n\t\t\t\t\t\t<span class=\"elementor-button-content-wrapper\">\n\t\t\t\t\t\t\t\t\t<span class=\"elementor-button-text\">En savoir plus...<\/span>\n\t\t\t\t\t<\/span>\n\t\t\t\t\t<\/a>\n\t\t\t\t<\/div>\n\t\t\t\t\t\t\t\t<\/div>\n\t\t\t\t<\/div>\n\t\t\t\t\t<\/div>\n\t\t<\/div>\n\t\t\t\t\t<\/div>\n\t\t<\/section>\n\t\t\t\t<section class=\"elementor-section elementor-top-section elementor-element elementor-element-f08ba90 elementor-section-boxed elementor-section-height-default elementor-section-height-default elementor-invisible\" data-id=\"f08ba90\" data-element_type=\"section\" data-settings=\"{&quot;animation&quot;:&quot;slideInDown&quot;,&quot;background_background&quot;:&quot;classic&quot;}\">\n\t\t\t\t\t\t<div class=\"elementor-container elementor-column-gap-default\">\n\t\t\t\t\t<div class=\"elementor-column elementor-col-100 elementor-top-column elementor-element elementor-element-9a4df96\" data-id=\"9a4df96\" data-element_type=\"column\" data-settings=\"{&quot;background_background&quot;:&quot;classic&quot;}\">\n\t\t\t<div class=\"elementor-widget-wrap elementor-element-populated\">\n\t\t\t\t\t\t<div class=\"elementor-element elementor-element-611cf41 elementor-widget-divider--view-line elementor-widget elementor-widget-divider\" data-id=\"611cf41\" data-element_type=\"widget\" data-widget_type=\"divider.default\">\n\t\t\t\t<div class=\"elementor-widget-container\">\n\t\t\t\t\t\t\t<div class=\"elementor-divider\">\n\t\t\t<span class=\"elementor-divider-separator\">\n\t\t\t\t\t\t<\/span>\n\t\t<\/div>\n\t\t\t\t\t\t<\/div>\n\t\t\t\t<\/div>\n\t\t\t\t\t<\/div>\n\t\t<\/div>\n\t\t\t\t\t<\/div>\n\t\t<\/section>\n\t\t\t\t<section class=\"elementor-section elementor-top-section elementor-element elementor-element-9fd867e elementor-section-boxed elementor-section-height-default elementor-section-height-default\" data-id=\"9fd867e\" data-element_type=\"section\">\n\t\t\t\t\t\t<div class=\"elementor-container elementor-column-gap-default\">\n\t\t\t\t\t<div class=\"elementor-column elementor-col-100 elementor-top-column elementor-element elementor-element-437da9f\" data-id=\"437da9f\" data-element_type=\"column\">\n\t\t\t<div class=\"elementor-widget-wrap elementor-element-populated\">\n\t\t\t\t\t\t<div class=\"elementor-element elementor-element-317c63d elementor-widget elementor-widget-text-editor\" data-id=\"317c63d\" data-element_type=\"widget\" data-widget_type=\"text-editor.default\">\n\t\t\t\t<div class=\"elementor-widget-container\">\n\t\t\t\t\t\t\t\t\t<h5 style=\"text-align: center;\"><strong>Afin d&rsquo;\u00e9tablir votre Convention OPCO, votre Programme de formation et votre devis, merci de remplir les champs suivants :<\/strong><\/h5>\t\t\t\t\t\t\t\t<\/div>\n\t\t\t\t<\/div>\n\t\t\t\t\t<\/div>\n\t\t<\/div>\n\t\t\t\t\t<\/div>\n\t\t<\/section>\n\t\t\t\t<section class=\"elementor-section elementor-top-section elementor-element elementor-element-683708d elementor-section-boxed elementor-section-height-default elementor-section-height-default elementor-invisible\" data-id=\"683708d\" data-element_type=\"section\" data-settings=\"{&quot;animation&quot;:&quot;slideInDown&quot;,&quot;background_background&quot;:&quot;classic&quot;}\">\n\t\t\t\t\t\t<div class=\"elementor-container elementor-column-gap-default\">\n\t\t\t\t\t<div class=\"elementor-column elementor-col-100 elementor-top-column elementor-element elementor-element-84ee522\" data-id=\"84ee522\" data-element_type=\"column\" data-settings=\"{&quot;background_background&quot;:&quot;classic&quot;}\">\n\t\t\t<div class=\"elementor-widget-wrap elementor-element-populated\">\n\t\t\t\t\t\t<div class=\"elementor-element elementor-element-a456a49 elementor-widget-divider--view-line elementor-widget elementor-widget-divider\" data-id=\"a456a49\" data-element_type=\"widget\" data-widget_type=\"divider.default\">\n\t\t\t\t<div class=\"elementor-widget-container\">\n\t\t\t\t\t\t\t<div class=\"elementor-divider\">\n\t\t\t<span class=\"elementor-divider-separator\">\n\t\t\t\t\t\t<\/span>\n\t\t<\/div>\n\t\t\t\t\t\t<\/div>\n\t\t\t\t<\/div>\n\t\t\t\t\t<\/div>\n\t\t<\/div>\n\t\t\t\t\t<\/div>\n\t\t<\/section>\n\t\t\t\t<section class=\"elementor-section elementor-top-section elementor-element elementor-element-704649b elementor-section-boxed elementor-section-height-default elementor-section-height-default\" data-id=\"704649b\" data-element_type=\"section\" data-settings=\"{&quot;background_background&quot;:&quot;classic&quot;}\">\n\t\t\t\t\t\t<div class=\"elementor-container elementor-column-gap-default\">\n\t\t\t\t\t<div class=\"elementor-column elementor-col-100 elementor-top-column elementor-element elementor-element-27c40c5\" data-id=\"27c40c5\" data-element_type=\"column\">\n\t\t\t<div class=\"elementor-widget-wrap elementor-element-populated\">\n\t\t\t\t\t\t<div class=\"elementor-element elementor-element-0336583 elementor-widget elementor-widget-wp-widget-wpforms-widget\" data-id=\"0336583\" data-element_type=\"widget\" data-widget_type=\"wp-widget-wpforms-widget.default\">\n\t\t\t\t<div class=\"elementor-widget-container\">\n\t\t\t\t\t<div class=\"wpforms-container wpforms-container-full\" id=\"wpforms-9195\"><form id=\"wpforms-form-9195\" class=\"wpforms-validate wpforms-form\" data-formid=\"9195\" method=\"post\" enctype=\"multipart\/form-data\" action=\"\/index.php?rest_route=%2Fwp%2Fv2%2Fpages%2F9196\" data-token=\"8388c126722cf0f91d569d6bc8038409\" data-token-time=\"1776938641\"><noscript class=\"wpforms-error-noscript\">Veuillez activer JavaScript dans votre navigateur pour remplir ce formulaire.<\/noscript><div class=\"wpforms-field-container\"><div id=\"wpforms-9195-field_0-container\" class=\"wpforms-field wpforms-field-name\" data-field-id=\"0\"><label class=\"wpforms-field-label\" for=\"wpforms-9195-field_0\">Nom de la Soci\u00e9t\u00e9 <span class=\"wpforms-required-label\">*<\/span><\/label><input type=\"text\" id=\"wpforms-9195-field_0\" class=\"wpforms-field-medium wpforms-field-required\" name=\"wpforms[fields][0]\" required><\/div><div id=\"wpforms-9195-field_6-container\" class=\"wpforms-field wpforms-field-name\" data-field-id=\"6\"><label class=\"wpforms-field-label\" for=\"wpforms-9195-field_6\">Nom du responsable l\u00e9gal <span class=\"wpforms-required-label\">*<\/span><\/label><input type=\"text\" id=\"wpforms-9195-field_6\" class=\"wpforms-field-medium wpforms-field-required\" name=\"wpforms[fields][6]\" required><\/div><div id=\"wpforms-9195-field_13-container\" class=\"wpforms-field wpforms-field-name\" data-field-id=\"13\"><label class=\"wpforms-field-label\" for=\"wpforms-9195-field_13\">N\u00b0 de SIRET <span class=\"wpforms-required-label\">*<\/span><\/label><input type=\"text\" id=\"wpforms-9195-field_13\" class=\"wpforms-field-medium wpforms-field-required\" name=\"wpforms[fields][13]\" required><\/div><div id=\"wpforms-9195-field_7-container\" class=\"wpforms-field wpforms-field-name\" data-field-id=\"7\"><label class=\"wpforms-field-label\" for=\"wpforms-9195-field_7\">Adresse complete de facturation <span class=\"wpforms-required-label\">*<\/span><\/label><input type=\"text\" id=\"wpforms-9195-field_7\" class=\"wpforms-field-medium wpforms-field-required\" name=\"wpforms[fields][7]\" required><\/div><div id=\"wpforms-9195-field_8-container\" class=\"wpforms-field wpforms-field-name\" data-field-id=\"8\"><label class=\"wpforms-field-label\" for=\"wpforms-9195-field_8\">Adresse de la formation si differente <span class=\"wpforms-required-label\">*<\/span><\/label><input type=\"text\" id=\"wpforms-9195-field_8\" class=\"wpforms-field-medium wpforms-field-required\" name=\"wpforms[fields][8]\" required><\/div><div id=\"wpforms-9195-field_1-container\" class=\"wpforms-field wpforms-field-email\" data-field-id=\"1\"><label class=\"wpforms-field-label\" for=\"wpforms-9195-field_1\">Mail de contact <span class=\"wpforms-required-label\">*<\/span><\/label><input type=\"email\" id=\"wpforms-9195-field_1\" class=\"wpforms-field-medium wpforms-field-required\" name=\"wpforms[fields][1]\" spellcheck=\"false\" required><\/div><div id=\"wpforms-9195-field_5-container\" class=\"wpforms-field wpforms-field-text\" data-field-id=\"5\"><label class=\"wpforms-field-label\" for=\"wpforms-9195-field_5\">T\u00e9l\u00e9phone charg\u00e9 de dossier <span class=\"wpforms-required-label\">*<\/span><\/label><input type=\"text\" id=\"wpforms-9195-field_5\" class=\"wpforms-field-medium wpforms-field-required\" name=\"wpforms[fields][5]\" placeholder=\"Etre rappel\u00e9 ?\" required><\/div><div id=\"wpforms-9195-field_4-container\" class=\"wpforms-field wpforms-field-checkbox wpforms-list-inline\" data-field-id=\"4\"><label class=\"wpforms-field-label\">Sujet <span class=\"wpforms-required-label\">*<\/span><\/label><ul id=\"wpforms-9195-field_4\" class=\"wpforms-field-required\"><li class=\"choice-1 depth-1\"><input type=\"checkbox\" id=\"wpforms-9195-field_4_1\" name=\"wpforms[fields][4][]\" value=\"Vid\u00e9o\" required ><label class=\"wpforms-field-label-inline\" for=\"wpforms-9195-field_4_1\">Vid\u00e9o<\/label><\/li><li class=\"choice-2 depth-1\"><input type=\"checkbox\" id=\"wpforms-9195-field_4_2\" name=\"wpforms[fields][4][]\" value=\"Informatique\" required ><label class=\"wpforms-field-label-inline\" for=\"wpforms-9195-field_4_2\">Informatique<\/label><\/li><li class=\"choice-3 depth-1\"><input type=\"checkbox\" id=\"wpforms-9195-field_4_3\" name=\"wpforms[fields][4][]\" value=\"Photo\" required ><label class=\"wpforms-field-label-inline\" for=\"wpforms-9195-field_4_3\">Photo<\/label><\/li><li class=\"choice-4 depth-1\"><input type=\"checkbox\" id=\"wpforms-9195-field_4_4\" name=\"wpforms[fields][4][]\" value=\"Autre\" required ><label class=\"wpforms-field-label-inline\" for=\"wpforms-9195-field_4_4\">Autre<\/label><\/li><\/ul><\/div><div id=\"wpforms-9195-field_15-container\" class=\"wpforms-field wpforms-field-select wpforms-field-select-style-classic\" data-field-id=\"15\"><label class=\"wpforms-field-label\" for=\"wpforms-9195-field_15\">Nbre de Stagiaire(s)<\/label><select id=\"wpforms-9195-field_15\" class=\"wpforms-field-medium\" name=\"wpforms[fields][15]\"><option value=\"1 Stagiaire\"  class=\"choice-1 depth-1\"  >1 Stagiaire<\/option><option value=\"2 Stagiaires\"  class=\"choice-2 depth-1\"  >2 Stagiaires<\/option><option value=\"3 Stagiaires\"  class=\"choice-3 depth-1\"  >3 Stagiaires<\/option><option value=\"4 Stagiaires\"  class=\"choice-4 depth-1\"  >4 Stagiaires<\/option><option value=\"5 Stagiaires\"  class=\"choice-5 depth-1\"  >5 Stagiaires<\/option><option value=\"6 et plus (nous consulter)\"  class=\"choice-6 depth-1\"  >6 et plus (nous consulter)<\/option><\/select><\/div><div id=\"wpforms-9195-field_10-container\" class=\"wpforms-field wpforms-field-name\" data-field-id=\"10\"><label class=\"wpforms-field-label\" for=\"wpforms-9195-field_10\">Nom des stagiaires <span class=\"wpforms-required-label\">*<\/span><\/label><input type=\"text\" id=\"wpforms-9195-field_10\" class=\"wpforms-field-medium wpforms-field-required\" name=\"wpforms[fields][10]\" required><\/div><div id=\"wpforms-9195-field_11-container\" class=\"wpforms-field wpforms-field-name\" data-field-id=\"11\"><label class=\"wpforms-field-label\" for=\"wpforms-9195-field_11\">Dur\u00e9e du stage (en jours) <span class=\"wpforms-required-label\">*<\/span><\/label><input type=\"text\" id=\"wpforms-9195-field_11\" class=\"wpforms-field-medium wpforms-field-required\" name=\"wpforms[fields][11]\" required><\/div><div id=\"wpforms-9195-field_12-container\" class=\"wpforms-field wpforms-field-name\" data-field-id=\"12\"><label class=\"wpforms-field-label\" for=\"wpforms-9195-field_12\">Date d\u00e9but et fin du stage <span class=\"wpforms-required-label\">*<\/span><\/label><input type=\"text\" id=\"wpforms-9195-field_12\" class=\"wpforms-field-medium wpforms-field-required\" name=\"wpforms[fields][12]\" required><\/div><div id=\"wpforms-9195-field_2-container\" class=\"wpforms-field wpforms-field-textarea\" data-field-id=\"2\"><label class=\"wpforms-field-label\" for=\"wpforms-9195-field_2\">Message<\/label><textarea id=\"wpforms-9195-field_2\" class=\"wpforms-field-medium\" name=\"wpforms[fields][2]\" ><\/textarea><\/div><div id=\"wpforms-9195-field_3-container\" class=\"wpforms-field wpforms-field-gdpr-checkbox\" data-field-id=\"3\"><label class=\"wpforms-field-label\">Accord RGPD <span class=\"wpforms-required-label\">*<\/span><\/label><ul id=\"wpforms-9195-field_3\" class=\"wpforms-field-required\"><li class=\"choice-1\"><input type=\"checkbox\" id=\"wpforms-9195-field_3_1\" name=\"wpforms[fields][3][]\" value=\"Je consens \u00e0 ce que ce site stocke les informations que je lui ai soumises afin qu\u2019il puisse r\u00e9pondre \u00e0 ma demande.\" required ><label class=\"wpforms-field-label-inline\" for=\"wpforms-9195-field_3_1\">Je consens \u00e0 ce que ce site stocke les informations que je lui ai soumises afin qu\u2019il puisse r\u00e9pondre \u00e0 ma demande.<\/label><\/li><\/ul><\/div><\/div><!-- .wpforms-field-container --><div class=\"wpforms-field wpforms-field-hp\"><label for=\"wpforms-9195-field-hp\" class=\"wpforms-field-label\">Website<\/label><input type=\"text\" name=\"wpforms[hp]\" id=\"wpforms-9195-field-hp\" class=\"wpforms-field-medium\"><\/div><div class=\"wpforms-recaptcha-container wpforms-is-recaptcha wpforms-is-recaptcha-type-v2\" ><div class=\"g-recaptcha\" data-sitekey=\"6LcM8m8UAAAAABmwUbvE3BBU7IRhLFk6f3w9KlS6\"><\/div><input type=\"text\" name=\"g-recaptcha-hidden\" class=\"wpforms-recaptcha-hidden\" style=\"position:absolute!important;clip:rect(0,0,0,0)!important;height:1px!important;width:1px!important;border:0!important;overflow:hidden!important;padding:0!important;margin:0!important;\" data-rule-recaptcha=\"1\"><\/div><div class=\"wpforms-submit-container\" ><input type=\"hidden\" name=\"wpforms[id]\" value=\"9195\"><input type=\"hidden\" name=\"page_title\" value=\"\"><input type=\"hidden\" name=\"page_url\" value=\"https:\/\/pa-formation-vip.fr\/index.php?rest_route=\/wp\/v2\/pages\/9196\"><input type=\"hidden\" name=\"url_referer\" value=\"\"><button type=\"submit\" name=\"wpforms[submit]\" id=\"wpforms-submit-9195\" class=\"wpforms-submit\" data-alt-text=\"Sending...\" data-submit-text=\"Envoyer\" aria-live=\"assertive\" value=\"wpforms-submit\">Envoyer<\/button><\/div><\/form><\/div>  <!-- .wpforms-container -->\t\t\t\t<\/div>\n\t\t\t\t<\/div>\n\t\t\t\t\t<\/div>\n\t\t<\/div>\n\t\t\t\t\t<\/div>\n\t\t<\/section>\n\t\t\t\t<section class=\"elementor-section elementor-top-section elementor-element elementor-element-cc00b2b elementor-section-boxed elementor-section-height-default elementor-section-height-default elementor-invisible\" data-id=\"cc00b2b\" data-element_type=\"section\" data-settings=\"{&quot;animation&quot;:&quot;slideInDown&quot;,&quot;background_background&quot;:&quot;classic&quot;}\">\n\t\t\t\t\t\t<div class=\"elementor-container elementor-column-gap-default\">\n\t\t\t\t\t<div class=\"elementor-column elementor-col-100 elementor-top-column elementor-element elementor-element-78e8845\" data-id=\"78e8845\" data-element_type=\"column\">\n\t\t\t<div class=\"elementor-widget-wrap elementor-element-populated\">\n\t\t\t\t\t\t<div class=\"elementor-element elementor-element-1a94d15 elementor-widget-divider--view-line elementor-widget elementor-widget-divider\" data-id=\"1a94d15\" data-element_type=\"widget\" data-widget_type=\"divider.default\">\n\t\t\t\t<div class=\"elementor-widget-container\">\n\t\t\t\t\t\t\t<div class=\"elementor-divider\">\n\t\t\t<span class=\"elementor-divider-separator\">\n\t\t\t\t\t\t<\/span>\n\t\t<\/div>\n\t\t\t\t\t\t<\/div>\n\t\t\t\t<\/div>\n\t\t\t\t\t<\/div>\n\t\t<\/div>\n\t\t\t\t\t<\/div>\n\t\t<\/section>\n\t\t\t\t<section class=\"elementor-section elementor-top-section elementor-element elementor-element-f83571c elementor-section-boxed elementor-section-height-default elementor-section-height-default\" data-id=\"f83571c\" data-element_type=\"section\">\n\t\t\t\t\t\t<div class=\"elementor-container elementor-column-gap-default\">\n\t\t\t\t\t<div class=\"elementor-column elementor-col-100 elementor-top-column elementor-element elementor-element-354bd82\" data-id=\"354bd82\" data-element_type=\"column\">\n\t\t\t<div class=\"elementor-widget-wrap elementor-element-populated\">\n\t\t\t\t\t\t<div class=\"elementor-element elementor-element-1fb617a elementor-widget elementor-widget-text-editor\" data-id=\"1fb617a\" data-element_type=\"widget\" data-widget_type=\"text-editor.default\">\n\t\t\t\t<div class=\"elementor-widget-container\">\n\t\t\t\t\t\t\t\t\t<h2 style=\"text-align: left;\"><strong><em>La Formation Experte pour les D\u00e9butants,<\/em><\/strong><\/h2><h3 style=\"text-align: center;\">Disponible de 9h \u00e0 20h, 7\/7 au\u00a0\u00a0<span style=\"color: #0000ff;\">01 56 05 92 69<\/span><\/h3><h3 style=\"text-align: right;\"><strong><em>Nos \u00e9l\u00e8ves sont passionnants et passionn\u00e9s&#8230; Nous c&rsquo;est l&rsquo;inverse !<\/em><\/strong><\/h3>\t\t\t\t\t\t\t\t<\/div>\n\t\t\t\t<\/div>\n\t\t\t\t\t<\/div>\n\t\t<\/div>\n\t\t\t\t\t<\/div>\n\t\t<\/section>\n\t\t\t\t<\/div>\n\t\t","protected":false},"excerpt":{"rendered":"<p>Soci\u00e9t\u00e9 &#8211; Profession Lib\u00e9rale &#8211; Artisan &#8211; Commer\u00e7ant &#8211; Intermittent &#8211; CPF Jusqu&rsquo;\u00e0 100% de financement gr\u00e2ce \u00e0 la formation professionnelle et notre r\u00e9f\u00e9rencement Datadock En savoir plus&#8230; Afin d&rsquo;\u00e9tablir votre Convention OPCO, votre Programme de formation et votre devis, merci de remplir les champs suivants : La Formation Experte pour les D\u00e9butants, Disponible de &hellip;<\/p>\n<p class=\"read-more\"> <a class=\"\" href=\"https:\/\/pa-formation-vip.fr\/?page_id=9196\"> <span class=\"screen-reader-text\">Dossier OPCO : Formation Professionnelle<\/span> Lire la suite\u00a0\u00bb<\/a><\/p>\n","protected":false},"author":1,"featured_media":82,"parent":0,"menu_order":4,"comment_status":"closed","ping_status":"closed","template":"","meta":{"footnotes":""},"aioseo_notices":[],"class_list":["post-9196","page","type-page","status-publish","has-post-thumbnail","hentry"],"_links":{"self":[{"href":"https:\/\/pa-formation-vip.fr\/index.php?rest_route=\/wp\/v2\/pages\/9196","targetHints":{"allow":["GET"]}}],"collection":[{"href":"https:\/\/pa-formation-vip.fr\/index.php?rest_route=\/wp\/v2\/pages"}],"about":[{"href":"https:\/\/pa-formation-vip.fr\/index.php?rest_route=\/wp\/v2\/types\/page"}],"author":[{"embeddable":true,"href":"https:\/\/pa-formation-vip.fr\/index.php?rest_route=\/wp\/v2\/users\/1"}],"replies":[{"embeddable":true,"href":"https:\/\/pa-formation-vip.fr\/index.php?rest_route=%2Fwp%2Fv2%2Fcomments&post=9196"}],"version-history":[{"count":27,"href":"https:\/\/pa-formation-vip.fr\/index.php?rest_route=\/wp\/v2\/pages\/9196\/revisions"}],"predecessor-version":[{"id":9224,"href":"https:\/\/pa-formation-vip.fr\/index.php?rest_route=\/wp\/v2\/pages\/9196\/revisions\/9224"}],"wp:featuredmedia":[{"embeddable":true,"href":"https:\/\/pa-formation-vip.fr\/index.php?rest_route=\/wp\/v2\/media\/82"}],"wp:attachment":[{"href":"https:\/\/pa-formation-vip.fr\/index.php?rest_route=%2Fwp%2Fv2%2Fmedia&parent=9196"}],"curies":[{"name":"wp","href":"https:\/\/api.w.org\/{rel}","templated":true}]}}