{"id":1453,"date":"2018-11-27T23:34:53","date_gmt":"2018-11-27T22:34:53","guid":{"rendered":"https:\/\/pa-formation-vip.fr\/?post_type=product&#038;p=1453"},"modified":"2019-01-07T09:52:24","modified_gmt":"2019-01-07T08:52:24","slug":"photoshop-elements-2019-adobe","status":"publish","type":"product","link":"https:\/\/pa-formation-vip.fr\/?product=photoshop-elements-2019-adobe","title":{"rendered":"Cours Photoshop Elements 2019 &#8211; Adobe"},"content":{"rendered":"<section class=\"grid-container \">\n<div class=\"grid-row grid-padded-t7x \">\n<div class=\"grid-cols-10 grid-offset-3 \">\n<div>\n<h3 style=\"text-align: center;\">Des cr\u00e9ations automatiques rien que pour vous<\/h3>\n<div class=\"text-5-block\" style=\"text-align: center;\"><span class=\"text-light\">De magnifiques diaporamas et collages photo et vid\u00e9o sont cr\u00e9\u00e9s automatiquement pour vous et affich\u00e9s sur l&rsquo;\u00e9cran d&rsquo;accueil au lancement du logiciel, le tout optimis\u00e9 par la technologie IA d&rsquo;Adobe Sensei. Soyez rapidement op\u00e9rationnel \u2014 d\u00e9couvrez les nouveaut\u00e9s depuis la derni\u00e8re version ainsi que les fonctionnalit\u00e9s amusantes \u00e0 tester.<\/span><\/div>\n<\/div>\n<\/div>\n<\/div>\n<\/section>\n<section class=\"grid-container \">\n<div class=\"grid-row grid-padded-b9x \">\n<div class=\"grid-cols-14 grid-offset-1 \">\n<div><img fetchpriority=\"high\" decoding=\"async\" title=\"Photoshop Elements - aide au d\u00e9marrage, tutoriels et diaporamas g\u00e9n\u00e9r\u00e9s automatiquement\" src=\"https:\/\/www.adobe.com\/content\/dam\/acom\/en\/products\/elements-family\/photoshop-elements\/overview\/acom_imageposition1_slideshow_1620x500.png\/jcr:content\/renditions\/cq5dam.tablet_1400.1400.432.png\" alt=\"Photoshop Elements - aide au d\u00e9marrage, tutoriels et diaporamas g\u00e9n\u00e9r\u00e9s automatiquement\" width=\"1634\" height=\"504\" data-image-alignment=\"center\" \/><\/div>\n<\/div>\n<\/div>\n<\/section>\n<section class=\"grid-container \">\n<div class=\"grid-row grid-padded-t2x \">\n<div class=\"grid-cols-14 grid-offset-1 \"><\/div>\n<\/div>\n<\/section>\n<section class=\"grid-container \">\n<div class=\"grid-row grid-padded-t6x \">\n<div class=\"grid-cols-10 grid-offset-3 \">\n<h3 style=\"text-align: center;\">Retouches intelligentes<\/h3>\n<div class=\"text-5-block\" style=\"text-align: center;\">\n<p><span class=\"text-light\">Cr\u00e9ez de superbes photos gr\u00e2ce \u00e0 des options de retouche automatis\u00e9es et \u00e0 une aide guid\u00e9e. Aucune exp\u00e9rience n\u2019est requise. R\u00e9glez la couleur et la lumi\u00e8re, \u00e9liminez les rayures et restaurez les photos anciennes, et rouvrez les yeux ferm\u00e9s comme par magie. Enfin, ajoutez des effets accrocheurs pour obtenir un r\u00e9sultat original.<\/span><\/p>\n<p>&nbsp;<\/p>\n<\/div>\n<\/div>\n<\/div>\n<\/section>\n<section class=\"grid-container \">\n<div class=\"grid-row grid-padded-t4x \">\n<div class=\"grid-cols-14 grid-offset-1 \">\n<div class=\"grid-row \">\n<div class=\"grid-span-1of3 text-cell-3x \">\n<div><img decoding=\"async\" class=\"aligncenter\" title=\"Des retouches intelligentes gr\u00e2ce \u00e0 Adobe Sensei\" src=\"https:\/\/www.adobe.com\/content\/dam\/acom\/en\/products\/elements-family\/photoshop-elements\/overview\/acom_overview_intelligentediting2_sensei_640x480.jpg\" alt=\"Des retouches intelligentes gr\u00e2ce \u00e0 Adobe Sensei\" data-image-alignment=\"center\" \/><\/div>\n<div>\n<div class=\"text-5-block\" style=\"text-align: center;\"><span class=\"text-light\">Adobe Sensei automatise la retouche photo pour que vous puissiez vous focaliser sur la cr\u00e9ation.<br \/>\n<\/span><\/div>\n<div class=\"text-5-block\"><\/div>\n<\/div>\n<\/div>\n<div class=\"grid-span-1of3 text-cell-3x \">\n<div><img decoding=\"async\" class=\"aligncenter\" title=\"Retouche photo facile avec les modifications guid\u00e9es comme le cr\u00e9ateur de m\u00e8me\" src=\"https:\/\/www.adobe.com\/content\/dam\/acom\/en\/products\/elements-family\/photoshop-elements\/overview\/acom_overview_intelligentediting2_memes_640x485.jpg\" alt=\"Retouche photo facile avec les modifications guid\u00e9es comme le cr\u00e9ateur de m\u00e8me\" data-image-alignment=\"center\" \/><\/div>\n<div>\n<div class=\"text-5-block\" style=\"text-align: center;\"><span class=\"text-light\">Cr\u00e9ez toutes sortes de contenus, des textes \u00e0 plusieurs photos aux th\u00e8mes amusants, en tirant parti de 53\u00a0modifications guid\u00e9es.<\/span><\/div>\n<\/div>\n<\/div>\n<div class=\"grid-span-1of3 text-cell-3x \">\n<div><img decoding=\"async\" class=\"aligncenter\" title=\"Des s\u00e9lections pr\u00e9cises qui facilitent la retouche\" src=\"https:\/\/www.adobe.com\/content\/dam\/acom\/en\/products\/elements-family\/photoshop-elements\/overview\/acom_overview_intelligentediting2_preciseselection_640x480_alt2.jpg\" alt=\"Des s\u00e9lections pr\u00e9cises qui facilitent la retouche\" data-image-alignment=\"center\" \/><\/div>\n<div>\n<div class=\"text-5-block\" style=\"text-align: center;\"><span class=\"text-light\">Effectuez des s\u00e9lections pr\u00e9cises sans le moindre probl\u00e8me \u2014 faites glisser et le tour est jou\u00e9.<\/span><\/div>\n<\/div>\n<\/div>\n<\/div>\n<\/div>\n<\/div>\n<\/section>\n<section class=\"grid-container \">\n<div class=\"grid-row grid-padded-t9x \">\n<div class=\"grid-cols-14 grid-offset-1 \">\n<div class=\"grid-row \">\n<div class=\"grid-span-4of9 text-start text-start-tablet text-start-phone text-cell-1x \">\n<h3 style=\"text-align: center;\">Des r\u00e9sultats \u00e9poustouflants<\/h3>\n<div class=\"text-5-block\" style=\"text-align: center;\"><span class=\"text-light\">Mettez vos souvenirs en valeur en pr\u00e9sentant vos photos de mani\u00e8re originale.<\/span><\/div>\n<div class=\"text-6-block\"><\/div>\n<ul class=\"text-5-block\">\n<li><span class=\"text-light\">Des diaporamas et collages sont cr\u00e9\u00e9s pour vous afin d\u2019immortaliser vos moments forts. La technologie IA d&rsquo;Adobe Sensei se charge de tout.<br \/>\n<\/span><\/li>\n<li><span class=\"text-light\">Cr\u00e9ez des collages photo en quelques clics, \u00e0 partir de nouveaux mod\u00e8les \u00e9l\u00e9gants.<\/span><\/li>\n<\/ul>\n<ul class=\"text-5-block\">\n<li><span class=\"text-light\">Cr\u00e9ez des m\u00e8mes amusants pour les r\u00e9seaux sociaux, ainsi que des calendriers, des albums et des cartes \u00e0 imprimer chez vous.*<\/span><\/li>\n<\/ul>\n<div class=\"text-5-block\"><\/div>\n<\/div>\n<div class=\"grid-span-5of9 text-end text-end-tablet text-center-phone \">\n<div>\n<figure class=\"media\" data-media-ended=\"\" data-seed-autoplay=\"\" data-media-type=\"image\"><img decoding=\"async\" class=\"aligncenter\" src=\"https:\/\/www.adobe.com\/content\/dam\/acom\/en\/products\/elements-family\/photoshop-elements\/overview\/acom_overview_stunningcreations_920x570.jpg\" data-media-src=\"\/content\/dam\/acom\/en\/products\/elements-family\/photoshop-elements\/overview\/acom_overview_stunningcreations_920x570.gif\" \/> <button class=\"fa fa-repeat\" type=\"button\" value=\"repeat\"><\/button><\/figure>\n<\/div>\n<\/div>\n<\/div>\n<\/div>\n<\/div>\n<\/section>\n<section class=\"grid-container hide-mobile hide-tablet \">\n<div class=\"grid-row grid-padded-t5x hide-mobile hide-tablet \">\n<div class=\"grid-cols-14 grid-offset-1 \"><\/div>\n<\/div>\n<\/section>\n<section class=\"grid-container \">\n<div class=\"grid-row grid-padded-t9x \">\n<div class=\"grid-cols-14 grid-offset-1 \">\n<div class=\"grid-row \">\n<div class=\"grid-span-5of9 text-start text-start-tablet text-start-phone \">\n<div><img decoding=\"async\" class=\"aligncenter\" title=\"Classement simplifi\u00e9\" src=\"https:\/\/www.adobe.com\/content\/dam\/acom\/en\/products\/elements-family\/photoshop-elements\/overview\/pse2019_effortlessorg_920x570_v2.png\/_jcr_content\/renditions\/cq5dam.mobile_640.640.397.png\" alt=\"Classement simplifi\u00e9\" data-image-alignment=\"left\" \/><\/div>\n<\/div>\n<div class=\"grid-span-4of9 text-start text-start-tablet text-start-phone text-cell-2x \">\n<h3 style=\"text-align: center;\">Classement simplifi\u00e9<\/h3>\n<div class=\"text-5-block\" style=\"text-align: center;\"><span class=\"text-light\">Faites place nette pour retrouver et visualiser vos photos plus facilement.<br \/>\n<\/span><\/div>\n<div class=\"text-6-block\" style=\"text-align: left;\"><\/div>\n<ul class=\"text-5-block\" style=\"text-align: center;\">\n<li style=\"text-align: left;\"><span class=\"text-light\">Passez automatiquement d&rsquo;une arborescence de centaines de dossiers obscurs \u00e0 une pr\u00e9sentation visuelle de vos vid\u00e9os.<\/span><\/li>\n<li style=\"text-align: left;\"><span class=\"text-light\">Visualisez vos plus belles photos tri\u00e9es en fonction de leur qualit\u00e9, des visages et des th\u00e8mes. Avec la technologie IA d&rsquo;Adobe Sensei, tout est possible.<\/span><\/li>\n<li style=\"text-align: left;\"><span class=\"text-light\">Classez automatiquement vos photos par date, th\u00e8me, personne ou lieu.<\/span><\/li>\n<\/ul>\n<div class=\"text-6-block\" style=\"text-align: center;\"><\/div>\n<div class=\"text-5-block\" style=\"text-align: center;\"><\/div>\n<\/div>\n<\/div>\n<\/div>\n<\/div>\n<\/section>\n<section class=\"grid-container hide-mobile hide-tablet \">\n<div class=\"grid-row grid-padded-t4x hide-mobile hide-tablet \">\n<div class=\"grid-cols-14 grid-offset-1 \" style=\"text-align: left;\"><\/div>\n<\/div>\n<\/section>\n<section class=\"grid-container \">\n<div class=\"grid-row grid-padded-t9x \">\n<div class=\"grid-cols-14 grid-offset-1 \">\n<div class=\"grid-row \">\n<div class=\"grid-span-4of9 text-start text-start-tablet text-start-phone \">\n<h3 style=\"text-align: center;\">Des souvenirs \u00e0 partager<\/h3>\n<div class=\"text-5-block\" style=\"text-align: center;\"><span class=\"text-light\">Partagez vos clich\u00e9s avec vos proches comme vous l\u2019entendez.<\/span><\/div>\n<div class=\"text-5-block\" style=\"text-align: center;\"><\/div>\n<ul class=\"text-5-block\" style=\"text-align: center;\">\n<li style=\"text-align: left;\"><span class=\"text-light\">Imprimez ais\u00e9ment des photos \u00e0 visualiser et partager.<\/span><\/li>\n<li style=\"text-align: left;\"><span class=\"text-light\">Partagez rapidement vos photos.*<\/span><\/li>\n<li style=\"text-align: left;\"><span class=\"text-light\">Publiez vos diaporamas et clips vid\u00e9o sur YouTube et Vimeo*.<br \/>\n<\/span><\/li>\n<\/ul>\n<div class=\"text-6-block\" style=\"text-align: center;\"><\/div>\n<div class=\"text-5-block\" style=\"text-align: center;\"><\/div>\n<\/div>\n<div class=\"grid-span-5of9 \">\n<div>\n<p><img decoding=\"async\" class=\"aligncenter\" title=\"Impression et partage ais\u00e9s des souvenirs sur les r\u00e9seaux sociaux\" src=\"https:\/\/www.adobe.com\/content\/dam\/acom\/en\/products\/elements-family\/photoshop-elements\/overview\/pse2019_share_920x570.jpg\/_jcr_content\/renditions\/cq5dam.mobile_640.640.397.jpg\" alt=\"Impression et partage ais\u00e9s des souvenirs sur les r\u00e9seaux sociaux\" data-image-alignment=\"right\" \/><\/p>\n<div><\/div>\n<\/div>\n<\/div>\n<\/div>\n<\/div>\n<\/div>\n<\/section>\n<section class=\"grid-container hide-mobile hide-tablet \">\n<div class=\"grid-row grid-padded-t2x hide-mobile hide-tablet \">\n<div class=\"grid-cols-14 grid-offset-1 \"><\/div>\n<\/div>\n<\/section>\n<section class=\"grid-container \">\n<div class=\"grid-row grid-padded-t9x \">\n<div class=\"grid-cols-14 grid-offset-1 \">\n<section class=\"grid-container \">\n<div class=\"grid-row grid-padded-t8x \">\n<div class=\"grid-cols-10 grid-offset-3 \">\n<h3 style=\"text-align: center;\">D\u00e9couvrez les possibilit\u00e9s offertes par Photoshop Elements.<\/h3>\n<div class=\"text-5-block\" style=\"text-align: center;\"><span class=\"text-light\">Qu\u2019ils s\u2019agisse de corriger les imperfections comme les tremblements de l&rsquo;appareil ou d\u2019embellir vos photos \u00e0 l&rsquo;aide de filtres, tout ce dont vous avez besoin se trouve \u00e0 port\u00e9e de main.<br \/>\n<\/span><\/div>\n<div class=\"text-5-block\" style=\"text-align: center;\"><\/div>\n<\/div>\n<\/div>\n<\/section>\n<section class=\"grid-container \">\n<div class=\"grid-row grid-padded-v4x \">\n<div class=\"grid-cols-12 grid-offset-2 \">\n<div class=\"grid-row \" style=\"text-align: center;\">\n<div class=\"grid-span-1of2 grid-padded-t6x text-cell-3x \">\n<div><img decoding=\"async\" title=\"Retouche photo dans Photoshop Elements - collages faciles\" src=\"https:\/\/www.adobe.com\/content\/dam\/acom\/en\/products\/elements-family\/photoshop-elements\/overview\/acom-overview-multiphototext-900x500_preview.png\/_jcr_content\/renditions\/cq5dam.mobile_640.640.356.png\" alt=\"Retouche photo dans Photoshop Elements - collages faciles\" data-image-alignment=\"center\" \/><\/div>\n<div>\n<div class=\"text-5-block\"><span class=\"text-light\"><strong>Cr\u00e9ation de textes \u00e0 partir de plusieurs photos<\/strong> \u2014 Ins\u00e9rez facilement une photo dans chaque lettre pour cr\u00e9er un magnifique r\u00e9cit visuel. Il suffit de saisir le texte, d\u2019embellir les photos \u00e0 l&rsquo;aide de filtres et d&rsquo;autres options, et de partager le tout sur les r\u00e9seaux sociaux.*<\/span><\/div>\n<div class=\"text-5-block\"><\/div>\n<\/div>\n<\/div>\n<div class=\"grid-span-1of2 grid-padded-t6x text-cell-3x \">\n<div><img decoding=\"async\" title=\"Retouche photo dans Photoshop Elements - remplacement ais\u00e9 des arri\u00e8re-plans\" src=\"https:\/\/www.adobe.com\/content\/dam\/acom\/en\/products\/elements-family\/photoshop-elements\/overview\/acom-overview-replacebackgrounds-900x500.jpg\/_jcr_content\/renditions\/cq5dam.mobile_640.640.356.jpg\" alt=\"Retouche photo dans Photoshop Elements - remplacement ais\u00e9 des arri\u00e8re-plans\" data-image-alignment=\"center\" \/><\/div>\n<div>\n<div class=\"text-5-block\"><span class=\"text-light\"><strong>Remplacement des arri\u00e8re-plans<\/strong> \u2014 B\u00e9n\u00e9ficiez d&rsquo;une aide d\u00e9taill\u00e9e pour s\u00e9lectionner le sujet d&rsquo;une photo et le placer sur un autre arri\u00e8re-plan afin de cr\u00e9er une sc\u00e8ne in\u00e9dite.<\/span><\/div>\n<div class=\"text-5-block\"><\/div>\n<\/div>\n<\/div>\n<\/div>\n<div class=\"grid-row \">\n<div class=\"grid-span-1of2 grid-padded-t7x text-cell-3x \" style=\"text-align: center;\">\n<div><img decoding=\"async\" title=\"Retouche photo dans Photoshop Elements - suppression du tremblement\" src=\"https:\/\/www.adobe.com\/content\/dam\/acom\/en\/products\/elements-family\/photoshop-elements\/overview\/acom-overview-shakereduction-900x500.jpg\/_jcr_content\/renditions\/cq5dam.mobile_640.640.356.jpg\" alt=\"Retouche photo dans Photoshop Elements - suppression du tremblement\" data-image-alignment=\"center\" \/><\/div>\n<div>\n<div class=\"text-5-block\"><span class=\"text-light\"><strong>Suppression du tremblement<\/strong> \u2014 Votre main a trembl\u00e9 au moment de prendre une photo\u00a0? Corrigez le probl\u00e8me d&rsquo;un simple clic.<\/span><\/div>\n<div><\/div>\n<\/div>\n<\/div>\n<div class=\"grid-span-1of2 grid-padded-t7x text-cell-3x \">\n<div style=\"text-align: center;\"><img decoding=\"async\" title=\"Retouche photo dans Photoshop Elements - filtres int\u00e9gr\u00e9s\" src=\"https:\/\/www.adobe.com\/content\/dam\/acom\/en\/products\/elements-family\/photoshop-elements\/overview\/acom-overview-filters-900x500.png\/_jcr_content\/renditions\/cq5dam.mobile_640.640.356.png\" alt=\"Retouche photo dans Photoshop Elements - filtres int\u00e9gr\u00e9s\" data-image-alignment=\"center\" \/><\/div>\n<div>\n<div class=\"text-5-block\" style=\"text-align: center;\"><span class=\"text-light\"><strong>Place \u00e0 l&rsquo;amusement avec les filtres<\/strong> \u2014 Testez de nouveaux styles et ambiances avec des filtres applicables en un clic, puis peaufinez le tout pour obtenir pr\u00e9cis\u00e9ment le r\u00e9sultat souhait\u00e9.<\/span><\/div>\n<div class=\"text-5-block\" style=\"text-align: center;\"><\/div>\n<\/div>\n<\/div>\n<\/div>\n<\/div>\n<\/div>\n<\/section>\n<\/div>\n<\/div>\n<\/section>\n","protected":false},"excerpt":{"rendered":"<p>Votre Formation de prise en main, de perfectionnement ou experte \u00e0 partir de 2h<\/p>\n<div class=\"et_pb_module et_pb_text et_pb_text_1 et_pb_bg_layout_dark et_pb_text_align_center\">\n<div class=\"et_pb_text_inner\"><\/div>\n<\/div>\n<div class=\"et_pb_module et_pb_text et_pb_text_2 et_pb_bg_layout_dark et_pb_text_align_center\">\n<div class=\"et_pb_text_inner\">\n<h3>R\u00e9alisez sans plus attendre des photos exceptionnelles.<\/h3>\n<div class=\"text-5-block\"><span class=\"text-light\">B\u00e9n\u00e9ficiez de diaporamas et collages g\u00e9n\u00e9r\u00e9s automatiquement, sublimez vos photos gr\u00e2ce aux options de retouche intelligentes, r\u00e9alisez des compositions \u00e9poustouflantes, classez-les facilement et partagez rapidement vos souvenirs. <\/span><\/div>\n<\/div>\n<\/div>\n","protected":false},"featured_media":1496,"template":"","meta":[],"product_cat":[72,90],"product_tag":[],"aioseo_notices":[],"class_list":{"0":"post-1453","1":"product","2":"type-product","3":"status-publish","4":"has-post-thumbnail","6":"product_cat-photo","7":"product_cat-logiciels-photo","8":"product_shipping_class-deplacement","10":"first","11":"instock","12":"purchasable","13":"product-type-variable"},"_links":{"self":[{"href":"https:\/\/pa-formation-vip.fr\/index.php?rest_route=\/wp\/v2\/product\/1453","targetHints":{"allow":["GET"]}}],"collection":[{"href":"https:\/\/pa-formation-vip.fr\/index.php?rest_route=\/wp\/v2\/product"}],"about":[{"href":"https:\/\/pa-formation-vip.fr\/index.php?rest_route=\/wp\/v2\/types\/product"}],"version-history":[{"count":6,"href":"https:\/\/pa-formation-vip.fr\/index.php?rest_route=\/wp\/v2\/product\/1453\/revisions"}],"predecessor-version":[{"id":2547,"href":"https:\/\/pa-formation-vip.fr\/index.php?rest_route=\/wp\/v2\/product\/1453\/revisions\/2547"}],"wp:featuredmedia":[{"embeddable":true,"href":"https:\/\/pa-formation-vip.fr\/index.php?rest_route=\/wp\/v2\/media\/1496"}],"wp:attachment":[{"href":"https:\/\/pa-formation-vip.fr\/index.php?rest_route=%2Fwp%2Fv2%2Fmedia&parent=1453"}],"wp:term":[{"taxonomy":"product_cat","embeddable":true,"href":"https:\/\/pa-formation-vip.fr\/index.php?rest_route=%2Fwp%2Fv2%2Fproduct_cat&post=1453"},{"taxonomy":"product_tag","embeddable":true,"href":"https:\/\/pa-formation-vip.fr\/index.php?rest_route=%2Fwp%2Fv2%2Fproduct_tag&post=1453"}],"curies":[{"name":"wp","href":"https:\/\/api.w.org\/{rel}","templated":true}]}}