{"id":1907,"date":"2018-11-29T13:23:59","date_gmt":"2018-11-29T12:23:59","guid":{"rendered":"https:\/\/pa-formation-vip.fr\/?post_type=product&#038;p=1907"},"modified":"2019-05-22T21:33:21","modified_gmt":"2019-05-22T19:33:21","slug":"coaching-photo-tour-pratique","status":"publish","type":"product","link":"https:\/\/pa-formation-vip.fr\/?product=coaching-photo-tour-pratique","title":{"rendered":"Cours Photo Tour (pratique)"},"content":{"rendered":"<p class=\"Corps\">Une fois que vous avez suivi notre formation th\u00e9orique Les Bases de la Photo, mettez en pratique les notions abord\u00e9es guid\u00e9 par un photographe professionnel. Vous verrez concr\u00e8tement comment chaque r\u00e9glage impact le r\u00e9sultat obtenu et vous ne regarderez plus jamais votre appareil ni vos photos de la m\u00eame fa\u00e7on.<\/p>\n","protected":false},"excerpt":{"rendered":"<p><span style=\"font-size: 1.5em; font-weight: bold;\">Sortez votre appareil et pratiquez !<\/span><\/p>\n<div class=\"et_pb_module et_pb_text et_pb_text_1 et_pb_bg_layout_dark et_pb_text_align_center\">\n<div class=\"et_pb_text_inner\">\n<p class=\"Corps\">Mettez la th\u00e9orie en pratique accompagn\u00e9 par un photographe professionnel.<\/p>\n<p>Votre Formation \u00e0 domicile de prise en main, de perfectionnement ou experte \u00e0 partir de 2h<\/p>\n<\/div>\n<\/div>\n","protected":false},"featured_media":2696,"template":"","meta":[],"product_cat":[88],"product_tag":[],"aioseo_notices":[],"class_list":{"0":"post-1907","1":"product","2":"type-product","3":"status-publish","4":"has-post-thumbnail","6":"product_cat-prise-de-vue-photo","7":"product_shipping_class-deplacement","9":"first","10":"instock","11":"purchasable","12":"product-type-variable"},"_links":{"self":[{"href":"https:\/\/pa-formation-vip.fr\/index.php?rest_route=\/wp\/v2\/product\/1907","targetHints":{"allow":["GET"]}}],"collection":[{"href":"https:\/\/pa-formation-vip.fr\/index.php?rest_route=\/wp\/v2\/product"}],"about":[{"href":"https:\/\/pa-formation-vip.fr\/index.php?rest_route=\/wp\/v2\/types\/product"}],"version-history":[{"count":5,"href":"https:\/\/pa-formation-vip.fr\/index.php?rest_route=\/wp\/v2\/product\/1907\/revisions"}],"predecessor-version":[{"id":2944,"href":"https:\/\/pa-formation-vip.fr\/index.php?rest_route=\/wp\/v2\/product\/1907\/revisions\/2944"}],"wp:featuredmedia":[{"embeddable":true,"href":"https:\/\/pa-formation-vip.fr\/index.php?rest_route=\/wp\/v2\/media\/2696"}],"wp:attachment":[{"href":"https:\/\/pa-formation-vip.fr\/index.php?rest_route=%2Fwp%2Fv2%2Fmedia&parent=1907"}],"wp:term":[{"taxonomy":"product_cat","embeddable":true,"href":"https:\/\/pa-formation-vip.fr\/index.php?rest_route=%2Fwp%2Fv2%2Fproduct_cat&post=1907"},{"taxonomy":"product_tag","embeddable":true,"href":"https:\/\/pa-formation-vip.fr\/index.php?rest_route=%2Fwp%2Fv2%2Fproduct_tag&post=1907"}],"curies":[{"name":"wp","href":"https:\/\/api.w.org\/{rel}","templated":true}]}}