{"id":2890,"date":"2019-05-22T17:48:53","date_gmt":"2019-05-22T15:48:53","guid":{"rendered":"https:\/\/pa-formation-vip.fr\/?post_type=product&#038;p=2890"},"modified":"2019-05-22T18:37:54","modified_gmt":"2019-05-22T16:37:54","slug":"cours-prise-en-main-dun-camescope","status":"publish","type":"product","link":"https:\/\/pa-formation-vip.fr\/?product=cours-prise-en-main-dun-camescope","title":{"rendered":"Cours : Prise en main d&rsquo;un Camescope"},"content":{"rendered":"<p class=\"Corps\">D\u00e9couvrez les \u00e9l\u00e9ments de r\u00e9glages essentiels de votre cam\u00e9ra, apprenez \u00e0 identifier et ma\u00eetriser les r\u00e9glages dont vous aurez le plus souvent besoin dans votre pratique de la vid\u00e9o afin de personnaliser votre appareil au mieux pour des prises de vues sereines et concentr\u00e9es sur la vid\u00e9o et non sur la technique !<\/p>\n","protected":false},"excerpt":{"rendered":"<p><span style=\"font-size: 1.5em; font-weight: bold;\">Apprivoisez votre Cam\u00e9scope avec l\u2019aide d\u2019un professionnel<\/span><\/p>\n<p><span style=\"font-size: 16px;\">Formation \u00e9ligible exclusivement \u00e0 Domicile \u00e0 partir de 2h<\/span><\/p>\n","protected":false},"featured_media":2913,"template":"","meta":[],"product_cat":[107],"product_tag":[],"aioseo_notices":[],"class_list":{"0":"post-2890","1":"product","2":"type-product","3":"status-publish","4":"has-post-thumbnail","6":"product_cat-prise-de-vue-video","7":"product_shipping_class-deplacement","9":"first","10":"instock","11":"purchasable","12":"product-type-variable"},"_links":{"self":[{"href":"https:\/\/pa-formation-vip.fr\/index.php?rest_route=\/wp\/v2\/product\/2890","targetHints":{"allow":["GET"]}}],"collection":[{"href":"https:\/\/pa-formation-vip.fr\/index.php?rest_route=\/wp\/v2\/product"}],"about":[{"href":"https:\/\/pa-formation-vip.fr\/index.php?rest_route=\/wp\/v2\/types\/product"}],"version-history":[{"count":2,"href":"https:\/\/pa-formation-vip.fr\/index.php?rest_route=\/wp\/v2\/product\/2890\/revisions"}],"predecessor-version":[{"id":2916,"href":"https:\/\/pa-formation-vip.fr\/index.php?rest_route=\/wp\/v2\/product\/2890\/revisions\/2916"}],"wp:featuredmedia":[{"embeddable":true,"href":"https:\/\/pa-formation-vip.fr\/index.php?rest_route=\/wp\/v2\/media\/2913"}],"wp:attachment":[{"href":"https:\/\/pa-formation-vip.fr\/index.php?rest_route=%2Fwp%2Fv2%2Fmedia&parent=2890"}],"wp:term":[{"taxonomy":"product_cat","embeddable":true,"href":"https:\/\/pa-formation-vip.fr\/index.php?rest_route=%2Fwp%2Fv2%2Fproduct_cat&post=2890"},{"taxonomy":"product_tag","embeddable":true,"href":"https:\/\/pa-formation-vip.fr\/index.php?rest_route=%2Fwp%2Fv2%2Fproduct_tag&post=2890"}],"curies":[{"name":"wp","href":"https:\/\/api.w.org\/{rel}","templated":true}]}}