{"id":6833,"date":"2019-12-21T15:55:36","date_gmt":"2019-12-21T14:55:36","guid":{"rendered":"https:\/\/pa-formation-vip.fr\/?post_type=product&#038;p=6833"},"modified":"2019-12-21T19:13:47","modified_gmt":"2019-12-21T18:13:47","slug":"camescope-sony-pxw-70-cours-special-debutant","status":"publish","type":"product","link":"https:\/\/pa-formation-vip.fr\/?product=camescope-sony-pxw-70-cours-special-debutant","title":{"rendered":"Cours sp\u00e9cial d\u00e9butant : Cam\u00e9scope Sony PXW-70"},"content":{"rendered":"<p class=\"Corps\">D\u00e9couvrez les \u00e9l\u00e9ments de r\u00e9glages essentiels de votre cam\u00e9ra Sony PXW-70, apprenez \u00e0 identifier et ma\u00eetriser les r\u00e9glages dont vous aurez le plus souvent besoin dans votre pratique de la vid\u00e9o afin de personnaliser votre appareil au mieux pour des prises de vues sereines et concentr\u00e9es sur la vid\u00e9o et non sur la technique !<\/p>\n<p>autres cam\u00e9scopes \u00e9ligibles \u00e0 la formation de la gamme Sony : (liste non exhaustive)<\/p>\n<p>PXW-FS7 \/ FDR-AX33 \/ FDR-AX53 \/ FDR-AX100 \/ HXR-NX80 \/ PXW-FS5 \/ PXW-FX9 \/ PXW-Z150&#8230;..<\/p>\n<div id=\"metaslider-id-6864\" style=\"max-width: 400px; margin: 0 auto;\" class=\"ml-slider-3-108-0 metaslider metaslider-flex metaslider-6864 ml-slider has-dots-nav ms-theme-default\" role=\"region\" aria-label=\"Cam\u00e9scopes SONY\" data-height=\"100\" data-width=\"400\">\n    <div id=\"metaslider_container_6864\">\n        <div id=\"metaslider_6864\">\n            <ul class='slides'>\n                <li style=\"display: block; width: 100%;\" class=\"slide-6874 ms-image \" aria-roledescription=\"slide\" data-date=\"2019-12-21 18:51:17\" data-filename=\"PA-Formation-camera-sony-fdr-ax33b.jpg\" data-slide-type=\"image\"><a href=\"https:\/\/www.sony.fr\/electronics\/camescopes-handycam\/fdr-ax33\" target=\"_blank\" aria-label=\"Voir les d\u00e9tails de la diapositive\" class=\"metaslider_image_link\"><img fetchpriority=\"high\" decoding=\"async\" width=\"705\" height=\"870\" src=\"https:\/\/pa-formation-vip.fr\/wp-content\/uploads\/2019\/12\/PA-Formation-camera-sony-fdr-ax33b.jpg\" class=\"slider-6864 slide-6874 msDefaultImage\" alt=\"\" rel=\"\" title=\"PA-Formation-camera-sony-fdr-ax33b\" srcset=\"https:\/\/pa-formation-vip.fr\/wp-content\/uploads\/2019\/12\/PA-Formation-camera-sony-fdr-ax33b.jpg 705w, https:\/\/pa-formation-vip.fr\/wp-content\/uploads\/2019\/12\/PA-Formation-camera-sony-fdr-ax33b-243x300.jpg 243w, https:\/\/pa-formation-vip.fr\/wp-content\/uploads\/2019\/12\/PA-Formation-camera-sony-fdr-ax33b-300x370.jpg 300w, https:\/\/pa-formation-vip.fr\/wp-content\/uploads\/2019\/12\/PA-Formation-camera-sony-fdr-ax33b-600x740.jpg 600w\" sizes=\"(max-width: 705px) 100vw, 705px\" \/><\/a><\/li>\n                <li style=\"display: none; width: 100%;\" class=\"slide-6876 ms-image \" aria-roledescription=\"slide\" data-date=\"2019-12-21 18:51:17\" data-filename=\"PA-Formation-camera-Sony-FDR-AX100.jpg\" data-slide-type=\"image\"><a href=\"https:\/\/www.sony.fr\/electronics\/camescopes-handycam\/fdr-ax100e\" target=\"_blank\" aria-label=\"Voir les d\u00e9tails de la diapositive\" class=\"metaslider_image_link\"><img decoding=\"async\" width=\"705\" height=\"870\" src=\"https:\/\/pa-formation-vip.fr\/wp-content\/uploads\/2019\/12\/PA-Formation-camera-Sony-FDR-AX100.jpg\" class=\"slider-6864 slide-6876 msDefaultImage\" alt=\"\" rel=\"\" title=\"PA-Formation-camera-Sony-FDR-AX100\" srcset=\"https:\/\/pa-formation-vip.fr\/wp-content\/uploads\/2019\/12\/PA-Formation-camera-Sony-FDR-AX100.jpg 705w, https:\/\/pa-formation-vip.fr\/wp-content\/uploads\/2019\/12\/PA-Formation-camera-Sony-FDR-AX100-243x300.jpg 243w, https:\/\/pa-formation-vip.fr\/wp-content\/uploads\/2019\/12\/PA-Formation-camera-Sony-FDR-AX100-300x370.jpg 300w, https:\/\/pa-formation-vip.fr\/wp-content\/uploads\/2019\/12\/PA-Formation-camera-Sony-FDR-AX100-600x740.jpg 600w\" sizes=\"(max-width: 705px) 100vw, 705px\" \/><\/a><\/li>\n                <li style=\"display: none; width: 100%;\" class=\"slide-6875 ms-image \" aria-roledescription=\"slide\" data-date=\"2019-12-21 18:51:17\" data-filename=\"PA-Formation-camera-Sony-fdr-ax53.jpg\" data-slide-type=\"image\"><a href=\"https:\/\/www.sony.fr\/electronics\/camescopes-handycam\/fdr-ax53\" target=\"_blank\" aria-label=\"Voir les d\u00e9tails de la diapositive\" class=\"metaslider_image_link\"><img decoding=\"async\" width=\"705\" height=\"870\" src=\"https:\/\/pa-formation-vip.fr\/wp-content\/uploads\/2019\/12\/PA-Formation-camera-Sony-fdr-ax53.jpg\" class=\"slider-6864 slide-6875 msDefaultImage\" alt=\"\" rel=\"\" title=\"PA-Formation-camera-Sony-fdr-ax53\" srcset=\"https:\/\/pa-formation-vip.fr\/wp-content\/uploads\/2019\/12\/PA-Formation-camera-Sony-fdr-ax53.jpg 705w, https:\/\/pa-formation-vip.fr\/wp-content\/uploads\/2019\/12\/PA-Formation-camera-Sony-fdr-ax53-243x300.jpg 243w, https:\/\/pa-formation-vip.fr\/wp-content\/uploads\/2019\/12\/PA-Formation-camera-Sony-fdr-ax53-300x370.jpg 300w, https:\/\/pa-formation-vip.fr\/wp-content\/uploads\/2019\/12\/PA-Formation-camera-Sony-fdr-ax53-600x740.jpg 600w\" sizes=\"(max-width: 705px) 100vw, 705px\" \/><\/a><\/li>\n                <li style=\"display: none; width: 100%;\" class=\"slide-6877 ms-image \" aria-roledescription=\"slide\" data-date=\"2019-12-21 18:51:18\" data-filename=\"PA-Formation-camera-sony-hxr-nx80.jpg\" data-slide-type=\"image\"><a href=\"https:\/\/pro.sony\/fr_FR\/products\/handheld-camcorders\/hxr-nx80\" target=\"_blank\" aria-label=\"Voir les d\u00e9tails de la diapositive\" class=\"metaslider_image_link\"><img loading=\"lazy\" decoding=\"async\" width=\"705\" height=\"870\" src=\"https:\/\/pa-formation-vip.fr\/wp-content\/uploads\/2019\/12\/PA-Formation-camera-sony-hxr-nx80.jpg\" class=\"slider-6864 slide-6877 msDefaultImage\" alt=\"\" rel=\"\" title=\"PA-Formation-camera-sony-hxr-nx80\" srcset=\"https:\/\/pa-formation-vip.fr\/wp-content\/uploads\/2019\/12\/PA-Formation-camera-sony-hxr-nx80.jpg 705w, https:\/\/pa-formation-vip.fr\/wp-content\/uploads\/2019\/12\/PA-Formation-camera-sony-hxr-nx80-243x300.jpg 243w, https:\/\/pa-formation-vip.fr\/wp-content\/uploads\/2019\/12\/PA-Formation-camera-sony-hxr-nx80-300x370.jpg 300w, https:\/\/pa-formation-vip.fr\/wp-content\/uploads\/2019\/12\/PA-Formation-camera-sony-hxr-nx80-600x740.jpg 600w\" sizes=\"(max-width: 705px) 100vw, 705px\" \/><\/a><\/li>\n                <li style=\"display: none; width: 100%;\" class=\"slide-6880 ms-image \" aria-roledescription=\"slide\" data-date=\"2019-12-21 18:51:19\" data-filename=\"PA-Formation-camera-sony-pxw-z150.jpg\" data-slide-type=\"image\"><a href=\"https:\/\/pro.sony\/fr_FR\/products\/handheld-camcorders\/pxw-z150\" target=\"_blank\" aria-label=\"Voir les d\u00e9tails de la diapositive\" class=\"metaslider_image_link\"><img loading=\"lazy\" decoding=\"async\" width=\"705\" height=\"870\" src=\"https:\/\/pa-formation-vip.fr\/wp-content\/uploads\/2019\/12\/PA-Formation-camera-sony-pxw-z150.jpg\" class=\"slider-6864 slide-6880 msDefaultImage\" alt=\"\" rel=\"\" title=\"PA-Formation-camera-sony-pxw-z150\" srcset=\"https:\/\/pa-formation-vip.fr\/wp-content\/uploads\/2019\/12\/PA-Formation-camera-sony-pxw-z150.jpg 705w, https:\/\/pa-formation-vip.fr\/wp-content\/uploads\/2019\/12\/PA-Formation-camera-sony-pxw-z150-243x300.jpg 243w, https:\/\/pa-formation-vip.fr\/wp-content\/uploads\/2019\/12\/PA-Formation-camera-sony-pxw-z150-300x370.jpg 300w, https:\/\/pa-formation-vip.fr\/wp-content\/uploads\/2019\/12\/PA-Formation-camera-sony-pxw-z150-600x740.jpg 600w\" sizes=\"(max-width: 705px) 100vw, 705px\" \/><\/a><\/li>\n                <li style=\"display: none; width: 100%;\" class=\"slide-6873 ms-image \" aria-roledescription=\"slide\" data-date=\"2019-12-21 18:51:17\" data-filename=\"Formation-camera-sony-pxw-fs7.jpg\" data-slide-type=\"image\"><a href=\"https:\/\/pro.sony\/fr_FR\/products\/handheld-camcorders\/pxw-fs7\" target=\"_blank\" aria-label=\"Voir les d\u00e9tails de la diapositive\" class=\"metaslider_image_link\"><img loading=\"lazy\" decoding=\"async\" width=\"705\" height=\"870\" src=\"https:\/\/pa-formation-vip.fr\/wp-content\/uploads\/2019\/12\/Formation-camera-sony-pxw-fs7.jpg\" class=\"slider-6864 slide-6873 msDefaultImage\" alt=\"\" rel=\"\" title=\"Formation-camera-sony-pxw-fs7\" srcset=\"https:\/\/pa-formation-vip.fr\/wp-content\/uploads\/2019\/12\/Formation-camera-sony-pxw-fs7.jpg 705w, https:\/\/pa-formation-vip.fr\/wp-content\/uploads\/2019\/12\/Formation-camera-sony-pxw-fs7-243x300.jpg 243w, https:\/\/pa-formation-vip.fr\/wp-content\/uploads\/2019\/12\/Formation-camera-sony-pxw-fs7-300x370.jpg 300w, https:\/\/pa-formation-vip.fr\/wp-content\/uploads\/2019\/12\/Formation-camera-sony-pxw-fs7-600x740.jpg 600w\" sizes=\"(max-width: 705px) 100vw, 705px\" \/><\/a><\/li>\n                <li style=\"display: none; width: 100%;\" class=\"slide-6878 ms-image \" aria-roledescription=\"slide\" data-date=\"2019-12-21 18:51:18\" data-filename=\"PA-Formation-camera-sony-pxw-fs5.jpg\" data-slide-type=\"image\"><a href=\"https:\/\/pro.sony\/fr_FR\/products\/handheld-camcorders\/pxw-fs5\" target=\"_blank\" aria-label=\"Voir les d\u00e9tails de la diapositive\" class=\"metaslider_image_link\"><img loading=\"lazy\" decoding=\"async\" width=\"705\" height=\"870\" src=\"https:\/\/pa-formation-vip.fr\/wp-content\/uploads\/2019\/12\/PA-Formation-camera-sony-pxw-fs5.jpg\" class=\"slider-6864 slide-6878 msDefaultImage\" alt=\"\" rel=\"\" title=\"PA-Formation-camera-sony-pxw-fs5\" srcset=\"https:\/\/pa-formation-vip.fr\/wp-content\/uploads\/2019\/12\/PA-Formation-camera-sony-pxw-fs5.jpg 705w, https:\/\/pa-formation-vip.fr\/wp-content\/uploads\/2019\/12\/PA-Formation-camera-sony-pxw-fs5-243x300.jpg 243w, https:\/\/pa-formation-vip.fr\/wp-content\/uploads\/2019\/12\/PA-Formation-camera-sony-pxw-fs5-300x370.jpg 300w, https:\/\/pa-formation-vip.fr\/wp-content\/uploads\/2019\/12\/PA-Formation-camera-sony-pxw-fs5-600x740.jpg 600w\" sizes=\"(max-width: 705px) 100vw, 705px\" \/><\/a><\/li>\n                <li style=\"display: none; width: 100%;\" class=\"slide-6879 ms-image \" aria-roledescription=\"slide\" data-date=\"2019-12-21 18:51:18\" data-filename=\"PA-Formation-camera-sony-pxw-fx9.jpg\" data-slide-type=\"image\"><a href=\"https:\/\/pro.sony\/fr_FR\/products\/handheld-camcorders\/pxw-fx9\" target=\"_blank\" aria-label=\"Voir les d\u00e9tails de la diapositive\" class=\"metaslider_image_link\"><img loading=\"lazy\" decoding=\"async\" width=\"705\" height=\"870\" src=\"https:\/\/pa-formation-vip.fr\/wp-content\/uploads\/2019\/12\/PA-Formation-camera-sony-pxw-fx9.jpg\" class=\"slider-6864 slide-6879 msDefaultImage\" alt=\"\" rel=\"\" title=\"PA-Formation-camera-sony-pxw-fx9\" srcset=\"https:\/\/pa-formation-vip.fr\/wp-content\/uploads\/2019\/12\/PA-Formation-camera-sony-pxw-fx9.jpg 705w, https:\/\/pa-formation-vip.fr\/wp-content\/uploads\/2019\/12\/PA-Formation-camera-sony-pxw-fx9-243x300.jpg 243w, https:\/\/pa-formation-vip.fr\/wp-content\/uploads\/2019\/12\/PA-Formation-camera-sony-pxw-fx9-300x370.jpg 300w, https:\/\/pa-formation-vip.fr\/wp-content\/uploads\/2019\/12\/PA-Formation-camera-sony-pxw-fx9-600x740.jpg 600w\" sizes=\"(max-width: 705px) 100vw, 705px\" \/><\/a><\/li>\n            <\/ul>\n        <\/div>\n        \n    <\/div>\n<\/div>\n","protected":false},"excerpt":{"rendered":"<p><span style=\"font-size: 1.5em; font-weight: bold;\">Apprivoisez votre Cam\u00e9scope Sony PXW-70 avec l\u2019aide d\u2019un professionnel<\/span><\/p>\n<p><span style=\"font-size: 16px;\">Formation \u00e9ligible exclusivement \u00e0 Domicile \u00e0 partir de 2h<\/span><\/p>\n","protected":false},"featured_media":6856,"template":"","meta":[],"product_cat":[107],"product_tag":[],"aioseo_notices":[],"class_list":{"0":"post-6833","1":"product","2":"type-product","3":"status-publish","4":"has-post-thumbnail","6":"product_cat-prise-de-vue-video","7":"product_shipping_class-deplacement","9":"first","10":"instock","11":"purchasable","12":"product-type-variable"},"_links":{"self":[{"href":"https:\/\/pa-formation-vip.fr\/index.php?rest_route=\/wp\/v2\/product\/6833","targetHints":{"allow":["GET"]}}],"collection":[{"href":"https:\/\/pa-formation-vip.fr\/index.php?rest_route=\/wp\/v2\/product"}],"about":[{"href":"https:\/\/pa-formation-vip.fr\/index.php?rest_route=\/wp\/v2\/types\/product"}],"version-history":[{"count":9,"href":"https:\/\/pa-formation-vip.fr\/index.php?rest_route=\/wp\/v2\/product\/6833\/revisions"}],"predecessor-version":[{"id":6884,"href":"https:\/\/pa-formation-vip.fr\/index.php?rest_route=\/wp\/v2\/product\/6833\/revisions\/6884"}],"wp:featuredmedia":[{"embeddable":true,"href":"https:\/\/pa-formation-vip.fr\/index.php?rest_route=\/wp\/v2\/media\/6856"}],"wp:attachment":[{"href":"https:\/\/pa-formation-vip.fr\/index.php?rest_route=%2Fwp%2Fv2%2Fmedia&parent=6833"}],"wp:term":[{"taxonomy":"product_cat","embeddable":true,"href":"https:\/\/pa-formation-vip.fr\/index.php?rest_route=%2Fwp%2Fv2%2Fproduct_cat&post=6833"},{"taxonomy":"product_tag","embeddable":true,"href":"https:\/\/pa-formation-vip.fr\/index.php?rest_route=%2Fwp%2Fv2%2Fproduct_tag&post=6833"}],"curies":[{"name":"wp","href":"https:\/\/api.w.org\/{rel}","templated":true}]}}